e 8) in base 16?
-10f06
What is -420433011 (base 5) in base 9?
-3231827
2441000 (base 5) to base 11
3192a
-13100b (base 16) to base 13
-349834
155a63 (base 12) to base 15
726cc
-2091515 (base 10) to base 16
-1fe9fb
Convert -3543211 (base 6) to base 2.
-101101000110110111
Convert 340326 (base 7) to base 16.
eb20
What is 2012303310 (base 4) in base 16?
86cf4
What is 27c7b (base 14) in base 12?
49005
15598c (base 14) to base 7
6223335
1440021121 (base 5) to base 10
3829536
Convert -284b0 (base 15) to base 5.
-13114230
Convert -10245353 (base 6) to base 12.
-126859
-3143024 (base 6) to base 5
-14403332
-133221032 (base 4) to base 10
-129614
Convert 101470 (base 8) to base 6.
415304
Convert 253465 (base 7) to base 3.
2101022201
What is 10a3b8 (base 13) in base 15?
7bab6
What is -224564 (base 8) in base 7?
-435002
34be05 (base 15) to base 14
4989a9
What is 1179662 (base 10) in base 6?
41141222
271634 (base 8) to base 15
1d2c2
Convert -66076 (base 12) to base 7.
-1101135
What is 53587 (base 13) in base 12?
73014
What is -902a6 (base 14) in base 9?
-577007
b27a3 (base 13) to base 12
135149
What is -149d1 (base 16) in base 8?
-244721
What is -b3602 (base 16) in base 6?
-23425254
104b41 (base 13) to base 5
44210433
Convert 13014023 (base 5) to base 15.
27593
Convert 101121120010 (base 3) to base 4.
303000012
Convert 4730305 (base 8) to base 10.
1290437
What is -5b3a9 (base 14) in base 10?
-223001
43425 (base 11) to base 13
22925
122121012200101 (base 3) to base 10
9353566
-631541 (base 9) to base 13
-1019a7
974de3 (base 16) to base 4
211310313203
1355411513 (base 6) to base 2
1000000000001001111100101
114044344 (base 5) to base 4
2002131031
Convert -b9d4c (base 14) to base 8.
-1556540
Convert -42000573 (base 8) to base 6.
-515013055
Convert 22651521 (base 7) to base 2.
111100111010000111010
What is 15678 (base 16) in base 12?
428a0
Convert -82304 (base 10) to base 12.
-3b768
-13ad52 (base 16) to base 12
-52232a
What is 1012122121122 (base 3) in base 9?
1178548
Convert -110111010011111000000 (base 2) to base 6.
-102502452
What is -101000011100010111101 (base 2) in base 11?
-825749
What is 24330213 (base 7) in base 6?
114343210
What is -2132241 (base 8) in base 3?
-1001222121201
Convert 221521 (base 8) to base 3.
10210022010
-507c (base 15) to base 14
-629a
What is 101010100101010010101101 (base 2) in base 11?
6334858
Convert a8767b (base 12) to base 5.
1140323023
Convert 24544762 (base 8) to base 15.
722900
What is -2265064 (base 10) in base 6?
-120314224
Convert 113053 (base 8) to base 14.
1001d
Convert -1067439 (base 10) to base 3.
-2000020020210
Convert 12858227 (base 9) to base 2.
11000010000000001001011
-105425142 (base 6) to base 10
-1947734
503c3 (base 13) to base 8
430157
Convert -504020 (base 10) to base 7.
-4166306
-a040 (base 14) to base 2
-110101101101000
What is 61798 (base 10) in base 3?
10010202211
-638923 (base 16) to base 7
-106305664
546a30 (base 13) to base 11
113690a
231128 (base 12) to base 14
108a2c
What is 10011000000001 (base 2) in base 13?
4575
1230300022 (base 4) to base 10
445450
Convert -452550 (base 7) to base 5.
-10031244
-2889d (base 16) to base 6
-3320421
-177722 (base 8) to base 14
-19c1c
-35300351 (base 7) to base 10
-3109478
-7770025 (base 9) to base 8
-17742664
What is -2102012222201 (base 3) in base 16?
-1396b1
Convert -1112001202202 (base 3) to base 6.
-25154032
What is 9b6133 (base 12) in base 2?
1001011101000000110111
What is 21210121121 (base 3) in base 8?
453702
What is -1ab00b (base 15) in base 10?
-1302761
-10130103110 (base 4) to base 8
-4342324
668c9 (base 13) to base 3
100110020022
257199 (base 10) to base 2
111110110010101111
What is -25b3183 (base 12) in base 14?
-dbcc5d
What is 406ab (base 13) in base 14?
300ab
14c10 (base 16) to base 12
41240
-1195589 (base 11) to base 6
-112223214
What is -423204531 (base 6) in base 5?
-3400404134
What is 10112111030 (base 4) in base 5?
242440134
Convert -3124550 (base 8) to base 11.
-517494
Convert 11041522 (base 6) to base 13.
b827a
What is 28d38 (base 15) in base 6?
2451312
What is 528909 (base 11) in base 8?
3164713
Convert -6180956 (base 10) to base 3.
-102122000200022
Convert 2300100 (base 4) to base 13.
5199
200042441 (base 5) to base 10
784121
Convert 1022233201 (base 4) to base 11.
19a014
10020114 (base 6) to base 12
11763a
4a02a88 (base 12) to base 2
110111000100101110001000
20203112030 (base 4) to base 14
425060
Convert -11231400 (base 5) to base 8.
-307324
What is -11310413001 (base 5) in base 10?
-12982251
Convert 3136162 (base 7) to base 4.
1130203210
1010100100010010 (base 2) to base 6
532214
-61596 (base 12) to base 3
-20110011220
-11101101001110111 (base 2) to base 4
-131221313
What is 201348 (base 14) in base 7?
12112621
What is 20535105 (base 6) in base 16?
93671
Convert 1011001101110001 (base 2) to base 9.
70011
Convert 46c2c (base 15) to base 6.
4455540
Convert 2584477 (base 9) to base 7.
15006142
Convert -1001112222 (base 3) to base 13.
-9623
Convert 115c92 (base 16) to base 8.
4256222
What is -6552103 (base 7) in base 6?
-25112024
Convert -1331304 (base 10) to base 7.
-14213232
-6ea58 (base 15) to base 10
-353333
Convert 11df1a (base 16) to base 14.
226b90
Convert -34a7c (base 13) to base 15.
-1d7c9
What is 201000200212 (base 3) in base 13?
1015b8
12221012011 (base 3) to base 4
130200223
Convert 10031030020 (base 4) to base 6.
35344344
-66b88 (base 12) to base 4
-201110120
Convert -6bad74 (base 14) to base 11.
-2093600
Convert -933014 (base 10) to base 4.
-3203302112
Convert bf2f (base 16) to base 8.
137457
-2cb3a (base 16) to base 4
-230230322
37c9 (base 13) to base 14
2c71
Convert 3631ce (base 15) to base 6.
131321535
213617 (base 9) to base 13
45c70
Convert -57082 (base 13) to base 5.
-20031130
Convert -db4571 (base 15) to base 4.
-213311223121
What is 1624 (base 7) in base 6?
3011
131265 (base 7) to base 15
73d3
-242434111 (base 5) to base 10
-1139906
11101001001011 (base 2) to base 4
3221023
-10110001010110001 (base 2) to base 16
-162b1
Convert 58579 (base 12) to base 16.
1ce2d
47c32 (base 15) to base 14
5d5a0
314c6c (base 13) to base 8
4314502
What is 158328 (base 9) in base 13?
35780
-13143011 (base 5) to base 13
-47825
416452 (base 11) to base 7
5446456
Convert -31103331123 (base 4) to base 13.
-95248b
What is 2015402 (base 8) in base 9?
888604
3241243 (base 5) to base 11
38a39
Convert 4727434 (base 8) to base 10.
1290012
Convert 2617522 (base 9) to base 11.
896912
Convert -7684 (base 12) to base 4.
-3030010
What is -210203231 (base 4) in base 13?
-53207
-77550 (base 13) to base 9
-358530
What is 67a661 (base 15) in base 5?
2231231231
What is -2026025 (base 9) in base 4?
-10013301101
Convert 7b71c (base 15) to base 10.
393102
1230665 (base 7) to base 16
26c57
Convert 6334433 (base 7) to base 14.
15cb8a
What is -24225 (base 9) in base 2?
-11111101011111
1102002221101 (base 3) to base 16
b7211
-5064b9 (base 14) to base 9
-5074586
What is 9095380 (base 11) in base 14?
21c91a4
Convert -55b41 (base 13) to base 7.
-1215641
272da7 (base 14) to base 13
384952
Convert -121022324 (base 5) to base 8.
-2115571
Convert 6111756 (base 10) to base 7.
102643350
What is -3000345 (base 6) in base 13?
-4ba04
1034134330 (base 5) to base 7
25113031
What is 3090d (base 14) in base 11?
7aa17
35225341 (base 6) to base 16
10ab5d
569574 (base 10) to base 13
16c335
What is -11010010100000101011 (base 2) in base 12?
-356ba3
What is -148691 (base 14) in base 15?
-e1b98
What is 10100110010101111001 (base 2) in base 6?
22334201
1101222100 (base 3) to base 4
12300210
What is 45421270 (base 8) in base 16?
9622b8
Convert 1958b (base 15) to base 5.
10113011
Convert -d09440 (base 16) to base 13.
-2aa7b35
-52557 (base 11) to base 9
-125877
What is 22e2c7 (base 16) in base 11?
1321796
Convert -20210112222 (base 3) to base 14.
-36a9d
What is -508086 (base 9) in base 8?
-1114143
Convert -21311011323 (base 4) to base 7.
-30621300
-220120023 (base 4) to base 8
-503013
3957a (base 14) to base 13
4c268
What is -1196929 (base 11) in base 4?
-13322032033
What is 82185 (base 13) in base 14?
60d84
What is -12311311023 (base 4) in base 7?
-21146304
What is -52526 (base 8) in base 15?
-6716
What is -16132661 (base 8) in base 13?
-a0183b
106860 (base 9) to base 16
fa7d
Convert 210159 (